{"id":43,"date":"2019-11-30T15:09:20","date_gmt":"2019-11-30T14:09:20","guid":{"rendered":"https:\/\/m190.be\/?page_id=43"},"modified":"2020-01-11T22:31:20","modified_gmt":"2020-01-11T21:31:20","slug":"donnees-personnelles","status":"publish","type":"page","link":"https:\/\/m190.be\/index.php\/donnees-personnelles\/","title":{"rendered":"Donn\u00e9es Personnelles"},"content":{"rendered":"\n<p>Actuellement, nous ne traitons aucune donn\u00e9e personnelle des patients. Si toutefois vous aviez une question \u00e0 ce propos, merci de contacter notre DPO par mail \u00e0 dpo @ dpo-consulting.be<\/p>\n\n\n\n<p><\/p>\n","protected":false},"excerpt":{"rendered":"<div class=\"entry-summary\">\nActuellement, nous ne traitons aucune donn\u00e9e personnelle des patients. Si toutefois vous aviez une question \u00e0 ce propos, merci de contacter notre DPO par mail \u00e0 dpo @ dpo-consulting.be\n<\/div>\n<div class=\"link-more\"><a href=\"https:\/\/m190.be\/index.php\/donnees-personnelles\/\" class=\"more-link\">Continue reading<span class=\"screen-reader-text\"> &ldquo;Donn\u00e9es Personnelles&rdquo;<\/span>&hellip;<\/a><\/div>\n","protected":false},"author":1,"featured_media":86,"parent":0,"menu_order":0,"comment_status":"closed","ping_status":"closed","template":"","meta":{"footnotes":""},"class_list":["post-43","page","type-page","status-publish","has-post-thumbnail","hentry","entry"],"_links":{"self":[{"href":"https:\/\/m190.be\/index.php\/wp-json\/wp\/v2\/pages\/43","targetHints":{"allow":["GET"]}}],"collection":[{"href":"https:\/\/m190.be\/index.php\/wp-json\/wp\/v2\/pages"}],"about":[{"href":"https:\/\/m190.be\/index.php\/wp-json\/wp\/v2\/types\/page"}],"author":[{"embeddable":true,"href":"https:\/\/m190.be\/index.php\/wp-json\/wp\/v2\/users\/1"}],"replies":[{"embeddable":true,"href":"https:\/\/m190.be\/index.php\/wp-json\/wp\/v2\/comments?post=43"}],"version-history":[{"count":3,"href":"https:\/\/m190.be\/index.php\/wp-json\/wp\/v2\/pages\/43\/revisions"}],"predecessor-version":[{"id":85,"href":"https:\/\/m190.be\/index.php\/wp-json\/wp\/v2\/pages\/43\/revisions\/85"}],"wp:featuredmedia":[{"embeddable":true,"href":"https:\/\/m190.be\/index.php\/wp-json\/wp\/v2\/media\/86"}],"wp:attachment":[{"href":"https:\/\/m190.be\/index.php\/wp-json\/wp\/v2\/media?parent=43"}],"curies":[{"name":"wp","href":"https:\/\/api.w.org\/{rel}","templated":true}]}}